g. Suppose 21*b - 16*b - 4535 = p. Is b a composite number?
False
Suppose r = -3*h - 69, 2*h + r = -2*r - 53. Let d(i) = -154*i - 23. Is d(h) prime?
False
Let n be (5 + (-6)/2)*1/1. Suppose 0 = d + n*a - 561, -a = a. Let m = 1712 - d. Is m composite?
False
Suppose 3*i - 3 = 0, 3*i - 1537 = 5*l + i. Let f = 456 + l. Let k = f + 74. Is k a composite number?
False
Suppose -38*p + 2128860 = -5599618. Is p prime?
True
Suppose 7*g - 453753 = 2*z - 4*z, -3*g = -5*z + 1134526. Is z a composite number?
False
Let d(c) = c**3 + 10*c**2 + 23*c + 6. Let q be d(-3). Suppose 6083 = 2*s + 3*j - q*j, j - 15227 = -5*s. Is s prime?
False
Let w = 2654407 + -1458130. Is w composite?
True
Is 40129 - ((-26)/(-117) + 76/(-18)) composite?
True
Let p(s) be the third derivative of -175*s**4/4 - 127*s**3/6 + 215*s**2. Is p(-2) a prime number?
True
Let j = -65 + 25. Let i = j - -56. Is (2956/i)/(-2 - 18/(-8)) a composite number?
False
Suppose -12651638 = -4*k + 5*p + 318158, p = 0. Is k prime?
False
Let c(o) = -51*o**3 + 29*o**2 - 21*o - 184. Is c(-17) a prime number?
False
Let w = 106075 + -73974. Is w composite?
True
Is 1*16 + (38855 - -143) a prime number?
False
Let f be (-20)/10 - 144/6. Is 39/f*170094/(-9) composite?
False
Let u(j) = -j**2 - 9*j - 6. Let d be u(-8). Is (-32)/40*(-1685)/d a composite number?
True
Let r be (-63)/6 - -1 - 5/(-10). Let y(p) = 3*p + 29. Let g be y(r). Suppose 0 = 2*q + 8, 154 = -4*i - g*q + 1382. Is i composite?
True
Suppose 7179*t + 5183185 = 7214*t. Is t composite?
False
Let x = -97 - -95. Is (x/3)/(5 + 172670/(-34530)) a composite number?
False
Suppose 20944 = 4*i + 5*v, 2*i + v - 10472 = -0*v. Let j = 9083 - i. Is j composite?
False
Let l = 137 - 75. Let r = l + -62. Suppose b + 2*w - 337 = r, 280 + 1396 = 5*b + w. Is b a composite number?
True
Let u(t) = t + 73*t**3 - 7*t**2 + 15 - 6 + 39*t**3 - 8*t**3. Is u(5) a composite number?
True
Let j be (-30)/8*((-452)/12 + 11). Suppose 0 = j*s - 106*s + 9858. Is s prime?
False
Let c(f) = -32*f - 187. Let b be c(-6). Is (3 - 44)*((-7 - 0) + b) a composite number?
True
Let n = -1580370 + 3809407. Is n a prime number?
True
Let r(l) = 26*l + 290. Let g be r(-11). Suppose -4*p + 2528 = -4*d, g*p = -d + 2816 - 283. Is p prime?
False
Is (-2)/(-17) - (-3)/((-306)/(-2477262)) a prime number?
False
Is (((-510)/(-40))/17)/((-3)/113)*-508 composite?
True
Let a = 83929 + 450768. Is a a prime number?
True
Suppose 0*s + 22 = 11*s. Suppose -s*q - 7*t = -2*t + 28, 4*q - 3*t + 30 = 0. Let c(n) = 10*n**2 + 13*n + 8. Is c(q) a prime number?
True
Let m be (-6 + 10 - (-3 - -2)) + -3. Is ((-28609)/28)/(18/(-8) + m) prime?
False
Let m(k) = 132*k**2 - 152*k + 4241. Is m(27) a composite number?
True
Let s(i) = 2*i**2 - 24 + 4*i - 9*i - i**2 - 5. Is s(-16) composite?
False
Let z(k) be the third derivative of -3*k**4/4 + 3229*k**3/6 + 8*k**2 + 2. Is z(0) a prime number?
True
Let s be (-3 + -92)/(-5) - 3. Suppose 117533 = s*g + 33549. Is g a composite number?
True
Let l = 269 + -259. Suppose l*j + 2382 = 15002. Is j a prime number?
False
Suppose -140382 = 8*a + a. Is 80/160*a/(-1) a prime number?
False
Suppose 6*w + 2*w - 48 = 0. Suppose -w*v + 10*v = -4216. Let t = -681 - v. Is t prime?
True
Let a be 86/(-989) + 163/23. Suppose 0 = a*x + x - 20632. Is x a prime number?
True
Suppose 577*t = 415*t + 48975354. Is t prime?
True
Let n = 3380799 - 2237320. Is n a composite number?
True
Let r be (7/21)/((-3)/(-36)). Suppose 2*v - 5283 = -5*d, d - 747 - 292 = r*v. Is d prime?
False
Let y = -41 - -43. Suppose -6*k = -y*j - k + 2286, -3*k + 3408 = 3*j. Is 14/21*(j/4 + 2) a composite number?
False
Let d be (-3 + 4)/((-2)/10). Let c(h) = -21*h**3 + 6*h**2 + 5*h + 3. Let r be c(d). Suppose -4*q = -5*t + 4361 + 218, 3*t - q - r = 0. Is t composite?
False
Suppose 0 = 683*p - 669*p - 18438. Is p prime?
False
Let x(g) be the second derivative of g**5/20 + 5*g**4/12 - 5*g**3/2 + 12*g**2 - 141*g. Is x(-7) a prime number?
True
Suppose 0 = -12*w + 8*w + 4. Let i(z) = -1028*z**2 - 3*z + 2. Let n be i(w). Is 3*(-1)/3 - (n + 1) prime?
False
Let g(u) = -u**3 + u**2 + 5*u + 5. Let w be g(-1). Suppose -3*x + w*y + 9385 = 0, -3*x = -5*y + 9*y - 9373. Is x a composite number?
True
Let u(d) = 2*d**3 + d**2 - 20*d + 7. Let r be u(0). Let g(o) = 26*o**2 - 1 - 8*o + 0*o - 4*o. Is g(r) a prime number?
False
Let s(r) = -7*r**3 - 14*r**2 + 21*r + 37. Let v be s(-11). Suppose -2*q = 3*q - 10. Suppose 5*n + 6 = 1, -n + v = q*m. Is m prime?
False
Let o = 3923 + -7596. Let y = 862 - o. Is y a composite number?
True
Let i(o) = 1720*o**3 + o**2 - 139*o + 285. Is i(2) a prime number?
False
Suppose -r - 3 = 5*z, 0 = -5*r + 3*z - 0*z + 41. Suppose 4*x - 3345 = r. Is x composite?
True
Suppose -l = -2*b + 4, 2*b + 4*l = 2 + 12. Suppose 734 = b*p + t, 2*t = t - 4. Suppose -4*r = -3*z + p, 2*z = -2*r - 0 + 164. Is z composite?
True
Suppose 0*r - l = -2*r + 92, -156 = -3*r - 3*l. Let y be ((-5)/3 - -1)*r/(-32). Is 0 + 328 - (5 - y)/2 prime?
False
Let d = -193 + 195. Suppose 20164 = 5*g - 3*g + d*l, 2*l = 4*g - 40298. Is g prime?
False
Let l(y) = 7*y**2 - 4*y + 650. Is l(38) a composite number?
True
Suppose -f + 282 = -a, 3*a + 232 = -4*f + 1381. Suppose -b = -1, -o - 5*b = -53 - 60. Let l = f - o. Is l a prime number?
False
Suppose -g - 5738 = -c + 1866, -3*g - 15205 = -2*c. Is c a composite number?
False
Let y = 3982 + -1491. Is y prime?
False
Let n(d) = 10*d + 9. Let x be n(5). Let w = x + -39. Suppose 6*q - q = -w, -3*q = -2*i + 650. Is i prime?
False
Suppose f = -4*x + 6, -3*f = 2*f - 5*x - 30. Suppose f*j = 20103 + 4923. Is j a composite number?
True
Let r be 74/(-259) + 6514/14. Let d = r - 146. Is d prime?
False
Is 12516873/134*4/6 prime?
True
Let k(s) = s**3 - 7*s**2 + 9*s - 57. Let r be k(7). Suppose -2*t = 2*w - 14970, -r*t = 4*w - 5*t - 29928. Is w prime?
True
Let i(x) = -8*x**2 - 5*x + 25. Let b(w) = -18*w**2 - 10*w + 50. Let h(q) = -6*b(q) + 13*i(q). Is h(12) a prime number?
True
Suppose -27*h + 37160 = -25*h + 3*a, 0 = -4*h + 5*a + 74342. Is h prime?
True
Let a = -308270 - -444869. Is a composite?
True
Let s(q) = 23*q**2 - q + 6*q - 2*q - 14. Let v be s(6). Suppose 3*k - 5*b = v, -b - 264 = -k - 2*b. Is k a composite number?
False
Suppose -4*d - 3*a + 27866 = 7300, 4*d + 2*a - 20568 = 0. Is d a composite number?
True
Is (12 - (-1319150)/100)*(0 + 2 + 0) prime?
True
Let z = -1609364 + 3974953. Is z composite?
False
Let k = 58009 + -32708. Is k composite?
False
Let n(s) = -s**3 - 11*s**2 - 29*s - 2. Let u be n(-7). Is (u - 9 - -6)/(2/16945) a prime number?
False
Suppose 24*d = 6434051 - 3705222 + 5872123. Is d a composite number?
False
Let g(v) = -5*v + 9. Let y be g(1). Suppose 0 = y*j - 3*n - 2755, n - 3449 = -5*j + 3*n. Is j composite?
False
Let w(i) = i**3 - 4*i**2 - 3*i + 12. Let l be w(2). Let q(o) = 848*o**2 + 4*o + 5. Is q(l) a prime number?
True
Suppose 23*d - 31*d = 7712. Is (d/10)/((-26)/1235) composite?
True
Suppose 229 + 171 = 4*u. Let z be 86/18 - (u/(-45) - -2). Suppose 2*s = 5*y + 1031, 3522 = z*s - y + 1002. Is s a composite number?
False
Suppose 0 = 53*z - 760987 - 616854. Is z a prime number?
True
Let y(m) = m**2 - 33*m + 118. Let l be y(29). Suppose -4206 = -2*x + 4*a, -l*a + 4203 = 2*x - 3*a. Is x composite?
True
Let i(n) = 3 - 26*n + 0 + 25*n. Let s be i(1). Is (-591)/((4 - s) + -3) a composite number?
True
Let b be 10929/((-7)/42*-6). Suppose 0 = -4*x + 4963 + b. Is x a prime number?
False
Let z(f) = f**3 + f**2 - 4*f + 955. Let n(w) = w**3 + w**2 - 3*w + 956. Let l(j) = -3*n(j) + 2*z(j). Let x be l(0). Is (x/(-6))/((-4)/(-12)) prime?
True
Suppose -2*z = 5*j - 27705 - 139553, -4*z + 2*j = -334564. Is z composite?
False
Let s = -108038 - -167441. Let a = s - 29220. Is (-2)/(((-15)/10)/(a/4)) prime?
True
Suppose 5 = -d, 7 = -x - 0*x - d. Let l be (x - 187/1)*-31. Is l/6 + (-6)/(-12) a prime number?
True
Let l = -108 - -108. Let h be l/(-2 - (-1 - 2)). Suppose -9*g + 20751 - 1410 = h. Is g composite?
True
Let d = 420149 + -135012. Is d composite?
True
Suppose -71*d = -75*d + 12. Suppose 3*t = 5*b - 3778, -5*t + d*t = -3*b + 2266. Is b composite?
True
Suppose 2*p + 3441 = -p. Let m = p - -687. Let a = 1347 + m. Is a a composite number?
False
Let c(x) = -86*x - 5. Let a be c(-9). Let i = -3255 + 5828. Suppose 6*q - i = a. Is q compos